git of 61294?
6
What is the tens digit of 2879?
7
What is the thousands digit of 6385?
6
What is the thousands digit of 78637?
8
What is the thousands digit of 3578?
3
What is the ten thousands digit of 75060?
7
What is the units digit of 2679?
9
What is the thousands digit of 6351?
6
What is the units digit of 379?
9
What is the units digit of 137?
7
What is the units digit of 1154?
4
What is the thousands digit of 4450?
4
What is the units digit of 253?
3
What is the hundreds digit of 37707?
7
What is the units digit of 93?
3
What is the thousands digit of 26696?
6
What is the tens digit of 429?
2
What is the ten thousands digit of 15138?
1
What is the thousands digit of 1096?
1
What is the hundreds digit of 56939?
9
What is the ten thousands digit of 18903?
1
What is the units digit of 18480?
0
What is the tens digit of 2359?
5
What is the units digit of 2596?
6
What is the units digit of 12536?
6
What is the hundreds digit of 76927?
9
What is the tens digit of 173347?
4
What is the thousands digit of 74245?
4
What is the hundreds digit of 49610?
6
What is the tens digit of 249?
4
What is the tens digit of 527?
2
What is the tens digit of 386?
8
What is the tens digit of 13150?
5
What is the units digit of 3540?
0
What is the units digit of 1685?
5
What is the units digit of 87?
7
What is the units digit of 10473?
3
What is the hundreds digit of 43412?
4
What is the hundreds digit of 30228?
2
What is the thousands digit of 1127?
1
What is the tens digit of 4952?
5
What is the units digit of 3261?
1
What is the hundreds digit of 1848?
8
What is the tens digit of 95?
9
What is the tens digit of 2170?
7
What is the hundreds digit of 456?
4
What is the tens digit of 23537?
3
What is the thousands digit of 1639?
1
What is the tens digit of 34316?
1
What is the thousands digit of 2476?
2
What is the hundreds digit of 989?
9
What is the hundreds digit of 811?
8
What is the thousands digit of 2260?
2
What is the tens digit of 60523?
2
What is the hundreds digit of 1724?
7
What is the hundreds digit of 2804?
8
What is the ten thousands digit of 10792?
1
What is the thousands digit of 1179?
1
What is the thousands digit of 1923?
1
What is the tens digit of 264?
6
What is the units digit of 1163?
3
What is the thousands digit of 1058?
1
What is the hundreds digit of 25346?
3
What is the tens digit of 17021?
2
What is the ten thousands digit of 42929?
4
What is the units digit of 11582?
2
What is the hundreds digit of 21201?
2
What is the hundreds digit of 1847?
8
What is the thousands digit of 1868?
1
What is the units digit of 3354?
4
What is the tens digit of 80128?
2
What is the thousands digit of 64273?
4
What is the tens digit of 25826?
2
What is the tens digit of 31350?
5
What is the units digit of 476?
6
What is the tens digit of 3334?
3
What is the tens digit of 225?
2
What is the units digit of 4003?
3
What is the thousands digit of 1472?
1
What is the tens digit of 4513?
1
What is the tens digit of 229?
2
What is the hundreds digit of 3833?
8
What is the ten thousands digit of 159631?
5
What is the hundreds digit of 3114?
1
What is the tens digit of 1449?
4
What is the hundreds digit of 1023?
0
What is the thousands digit of 1115?
1
What is the hundreds digit of 963?
9
What is the tens digit of 658?
5
What is the thousands digit of 1916?
1
What is the ten thousands digit of 16005?
1
What is the hundreds digit of 115?
1
What is the tens digit of 2706?
0
What is the thousands digit of 5293?
5
What is the tens digit of 809?
0
What is the thousands digit of 8344?
8
What is the thousands digit of 2634?
2
What is the ten thousands digit of 37257?
3
What is the thousands digit of 36741?
6
What is the units digit of 804?
4
What is the units digit of 587?
7
What is the hundreds digit of 173836?
8
What is the ten thousands digit of 19787?
1
What is the tens digit of 23269?
6
What is the hundreds digit of 983?
9
What is the hundreds digit of 561?
5
What is the tens digit of 1405?
0
What is the thousands digit of 1501?
1
What is the tens digit of 66946?
4
What is the hundreds digit of 87818?
8
What is the units digit of 2547?
7
What is the thousands digit of 4186?
4
What is the tens digit of 944?
4
What is the units digit of 1033?
3
What is the hundreds digit of 2183?
1
What is the tens digit of 38499?
9
What is the tens digit of 7578?
7
What is the units digit of 42?
2
What is the hundreds digit of 734?
7
What is the thousands digit of 3534?
3
What is the units digit of 4436?
6
What is the hundreds digit of 22347?
3
What is the hundreds digit of 735?
7
What is the tens digit of 806?
0
What is the hundreds digit of 34077?
0
What is the units digit of 668?
8
What is the tens digit of 44318?
1
What is the tens digit of 1509?
0
What is the thousands digit of 1407?
1
What is the hundred thousands digit of 126693?
1
What is the tens digit of 27189?
8
What is the hundreds digit of 220?
2
What is the hundreds digit of 11100?
1
What is the hundreds digit of 50021?
0
What is the tens digit of 807?
0
What is the hundreds digit of 2193?
1
What is the units digit of 35995?
5
What is the hundreds digit of 4905?
9
What is the thousands digit of 36574?
6
What is the tens digit of 25641?
4
What is the thousands digit of 1237?
1
What is the units digit of 44789?
9
What is the units digit of 3048?
8
What is the tens digit of 979?
7
What is the thousands digit of 4344?
4
What is the tens digit of 539?
3
What is the hundreds digit of 11352?
3
What is the hundreds digit of 4223?
2
What is the tens digit of 8066?
6
What is the units digit of 3424?
4
What is the thousands digit of 13739?
3
What is the thousands digit of 85265?
5
What is the hundreds digit of 5857?
8
What is the units digit of 64658?
8
What is the ten thousands digit of 22486?
2
What is the units digit of 1684?
4
What is the units digit of 520?
0
What is the units digit of 5552?
2
What is the hundreds digit of 17361?
3
What is the units digit of 7057?
7
What is the hundreds digit of 5160?
1
What is the tens digit of 9957?
5
What is the thousands digit of 10220?
0
What is the units digit of 24832?
2
What is the hundreds digit of 11604?
6
What is the thousands digit of 3190?
3
What is the tens digit of 1081?
8
What is the hundreds digit of 6289?
2
What is the hundreds digit of 3050?
0
What is the hundreds digit of 1399?
3
What is the ten thousands digit of 20542?
2
What is the hundreds digit of 5172?
1
What is the ten thousands digit of 36243?
3
What is the ten thousands digit of 62092?
6
What is the thousands digit of 10745?
0
What is the hundreds digit of 62971?
9
What is the units digit of 30967?
7
What is the thousands digit of 4013?
4
What is the thousands digit of 99544?
9
What is the hundreds digit of 4604?
6
What is the hundreds digit of 20204?
2
What is the units digit of 943?
3
What is the hundreds digit of 1745?
7
What is the tens digit of 597?
9
What is the tens digit of 1048?
4
What is the hundreds digit of 888?
8
What is the hundreds digit of 2951?
9
What is the units digit of 6129?
9
What is the thousands digit of 50790?
0
What is the hundreds digit of 27379?
3
What is the units digit of 364?
4
What is the units digit of 1006?
6
What is the units digit of 107?
7
What is the thousands digit of 4296?
4
What is the hundreds digit of 6135?
1
What is the units digit of 2399?
9
What is the units digit of 3432?
2
What is the tens digit of 81796?
9
What is the thousands digit of 2940?
2
What is the hundreds digit of 4578?
5
What is the units digit of 1317?
7
What is the hundreds digit of 24568?
5
What is the units digit of 730?
0
What is the hundreds digit of 836?
8
What is the units digit of 1085?
5
What is the hundreds digit of 41657?
6
What is the units digit of 4863?
3
What is the hundreds digit of 550?
5
What is the hundreds digit of 3251?
2
What is the thousands digit of 3792?
3
What is the units digit of 63008?
8
What is the thousands digit of 4237?
4
What is the hundreds digit of 15067?
0
What is the thousands digit of 1908?
1
What is the tens digit of 4820?
2
What is the units digit of 197?
7
What is the hundreds digit of 4921?
9
What is the tens digit of 5586?
8
What is the thousands digit of 1692?
1
What is the thousands digit of 8742?
8
What is the thousands digit of 4618?
4
What is the t